ue
Is 145087697 composite?
False
Is 481022743 composite?
False
Is 13678057 composite?
False
Is 147610969 prime?
False
Is 2526007129 a prime number?
True
Is 6550289 a composite number?
False
Is 13626127 composite?
True
Is 2287099 a prime number?
True
Is 5065978 a composite number?
True
Is 2327179 a prime number?
False
Is 4263839 prime?
False
Is 128262821 composite?
False
Is 5440181 prime?
True
Is 10825733 prime?
False
Is 11010959 a composite number?
True
Is 39507899 a prime number?
False
Is 3913157 prime?
False
Is 4766159 a composite number?
True
Is 225954899 a prime number?
True
Is 3494434 a composite number?
True
Is 8956529 a prime number?
False
Is 1678165 composite?
True
Is 25915391 prime?
True
Is 362105 composite?
True
Is 183337247 composite?
True
Is 4334333 a composite number?
True
Is 1132949 a composite number?
False
Is 43139639 a prime number?
True
Is 1426541 a prime number?
True
Is 10549339 prime?
True
Is 44310815 composite?
True
Is 23959631 prime?
True
Is 3800633 a composite number?
False
Is 4609169 a prime number?
True
Is 27808441 composite?
False
Is 13460354 a composite number?
True
Is 4139699 prime?
True
Is 119978533 a composite number?
False
Is 8545727 a composite number?
True
Is 23401757 a composite number?
True
Is 669241 composite?
False
Is 308238011 a composite number?
False
Is 6033899 prime?
False
Is 311609213 prime?
False
Is 14450729 prime?
False
Is 3933977 prime?
True
Is 2571293 a prime number?
False
Is 114354935 prime?
False
Is 80602897 a composite number?
False
Is 149619427 composite?
True
Is 4011697 composite?
True
Is 36232439 composite?
False
Is 157526683 prime?
True
Is 293224105 a composite number?
True
Is 2181097 prime?
True
Is 46369198 prime?
False
Is 164021281 prime?
False
Is 46203979 composite?
False
Is 135527227 a prime number?
False
Is 14579087 prime?
False
Is 23748161 prime?
True
Is 244603243 prime?
True
Is 94848322 a composite number?
True
Is 679139 a prime number?
False
Is 57471 a prime number?
False
Is 54545 prime?
False
Is 4302469 prime?
False
Is 296229587 a composite number?
False
Is 1139885 a composite number?
True
Is 35143363 a composite number?
True
Is 10956527 a composite number?
False
Is 4403519 composite?
True
Is 168984541 prime?
False
Is 106742743 a composite number?
True
Is 172774513 a prime number?
True
Is 4755599 a composite number?
False
Is 14641651 prime?
True
Is 3128311 a prime number?
True
Is 4992913 a prime number?
True
Is 2440363 composite?
False
Is 7286549 composite?
True
Is 98612233 a composite number?
True
Is 589679 a prime number?
False
Is 55166039 composite?
True
Is 37255229 prime?
False
Is 135318803 a composite number?
False
Is 81059611 a composite number?
True
Is 25596913 a prime number?
False
Is 446262455 composite?
True
Is 51533 a prime number?
False
Is 253371509 prime?
True
Is 20748271 prime?
True
Is 489070969 prime?
False
Is 29777723 prime?
True
Is 1015579 composite?
True
Is 85763593 a composite number?
True
Is 3358569 composite?
True
Is 45879607 a composite number?
False
Is 14656891 a prime number?
False
Is 132772483 a composite number?
True
Is 1709200631 composite?
False
Is 26328589 a composite number?
True
Is 29957677 prime?
True
Is 3289931 a prime number?
True
Is 28798483 a composite number?
True
Is 92170679 prime?
False
Is 218429341 composite?
True
Is 109399877 composite?
False
Is 1743793 composite?
False
Is 247663555 composite?
True
Is 586470611 prime?
True
Is 657187 composite?
False
Is 109387321 a composite number?
False
Is 3781783 a composite number?
True
Is 65182099 a composite number?
True
Is 35135519 prime?
True
Is 464181491 composite?
True
Is 135547 prime?
False
Is 30571883 a prime number?
True
Is 4292009 a composite number?
False
Is 30613174 prime?
False
Is 1021704323 a composite number?
False
Is 1871797 a prime number?
False
Is 176253371 a prime number?
False
Is 18715079 prime?
False
Is 1278911 a prime number?
True
Is 10934047 a composite number?
False
Is 6744757 a prime number?
True
Is 237788909 composite?
True
Is 120652178 a prime number?
False
Is 4807841 composite?
False
Is 836942777 composite?
True
Is 46049867 a prime number?
False
Is 3480041 a prime number?
False
Is 26225183 a prime number?
True
Is 210371099 a composite number?
False
Is 9634151 a prime number?
True
Is 30098231 composite?
False
Is 41880247 prime?
True
Is 20857247 composite?
False
Is 10695979 composite?
True
Is 4480507 prime?
True
Is 71180069 composite?
False
Is 13897501 prime?
False
Is 1079773 composite?
True
Is 53531003 composite?
False
Is 20047837 a prime number?
False
Is 1356477 a prime number?
False
Is 515819 composite?
True
Is 503903 a composite number?
True
Is 52694519 composite?
False
Is 60615413 a prime number?
True
Is 1612373 prime?
False
Is 6710713 a prime number?
False
Is 1700849 composite?
False
Is 4174193 a prime number?
True
Is 8614297 a prime number?
True
Is 25508533 a prime number?
False
Is 28377595 prime?
False
Is 35985757 composite?
True
Is 3842983 prime?
False
Is 6783971 a composite number?
False
Is 12470141 a prime number?
True
Is 18109897 prime?
False
Is 13921574 a prime number?
False
Is 2247559 prime?
True
Is 80157149 a prime number?
True
Is 1872201 a prime number?
False
Is 24944599 a prime number?
True
Is 1207211 composite?
False
Is 260401601 composite?
True
Is 595873 prime?
True
Is 58126363 composite?
False
Is 1082017 composite?
False
Is 38398537 prime?
False
Is 118085834 prime?
False
Is 1983821 prime?
False
Is 30898937 composite?
False
Is 1213447 prime?
False
Is 1586599 prime?
False
Is 6626211 composite?
True
Is 39690523 composite?
False
Is 126962809 a composite number?
False
Is 11455478 a prime number?
False
Is 8227523 a composite number?
True
Is 127370147 prime?
True
Is 4927017 a composite number?
True
Is 2127613 composite?
True
Is 35478479 a prime number?
False
Is 5496571 prime?
True
Is 98896939 a composite number?
True
Is 18231595 prime?
False
Is 19165369 a composite number?
False
Is 2726389 composite?
False
Is 165886591 prime?
False
Is 1943171 composite?
False
Is 5255017 a composite number?
True
Is 741989 a prime number?
False
Is 5590729 a prime number?
True
Is 80172509 a prime number?
True
Is 3030169 a prime number?
False
Is 4099697 a prime number?
False
Is 575789 a composite number?
True
Is 1139318 prime?
False
Is 4655419 a composite number?
False
Is 19540223 a composite number?
False
Is 48385801 a composite number?
False
Is 631578547 a composite number?
False
Is 1050071 a prime number?
False
Is 12386039 composite?
False
Is 12273787 a prime number?
True
Is 186655661 prime?
True
Is 632699 a prime number?
True
Is 161217821 composite?
False
Is 285567697 prime?
True
Is 7456997 a composite number?
False
Is 1945739 a prime number?
True
Is 99419 a prime number?
False
Is 1090457441 a prime number?
True
Is 241528835 a composite number?
True
Is 16115063 a prime number?
True
Is 4383343 composite?
False
Is 171163729 prime?
False
Is 183199 composite?
True
Is 11719039 composite?
True
Is 2833949 prime?
False
Is 5108749 composite?
False
Is 127434169 prime?
False
Is 7484585 a prime number?
False
Is 5732789 a composite number?
False
Is 90228743 a composite number?
True
Is 7536973 prime?
False
Is 536748697 prime?
False
Is 773806487 a prime number?
False
Is 18051043 a prime number?
False
Is 11144209 a composite number?
False
Is 39181859 a prime number?
True
Is 91556287 composite?
True
Is 35767157 a prime number?
False
Is 1524899 prime?
True
Is 14668933 a prime number?
True
Is 10334011 a prime number?
False
Is 1817177 prime?
True
Is 5766751 a prime number?
False
Is 1510129 a composite number?
True
Is 98899 prime?
True
Is 8121671 a prime number?
True
Is 446491 composite?
True
Is 23207447 a prime number?
True
Is 71511461 a composite number?
True
Is 49146491 a composite number?
True
Is 10801867 prime?
False
Is 600976045 composite?
True
Is 101254183 prime?
True
Is 2691343 prime?
False
Is 80948291 composite?
True
Is 21350717 a prime number?
True
Is 875603 prime?
False
Is 213244441 a prime number?
True
Is 560359 prime?
False
Is 355162939 composite?
True
Is 683857 a composite number?
False
Is 44927 prime?
True
Is 20252299 a prime number?
False
Is 21164357 prime?
True
Is 182799983 a composite number?
False
Is 31603877 composite?
False
Is 779705785 composite?
True
Is 241771 prime?
True
Is 23